{"id":74793,"date":"2022-01-26T16:30:21","date_gmt":"2022-01-26T16:30:21","guid":{"rendered":"https:\/\/www.atlasrleye.com\/atrofia-girata\/caso-clinico-1\/"},"modified":"2024-02-18T15:14:15","modified_gmt":"2024-02-18T15:14:15","slug":"caso-clinico-1","status":"publish","type":"page","link":"https:\/\/www.atlasrleye.com\/es\/atrofia-girata\/caso-clinico-1\/","title":{"rendered":"Caso Cl\u00ednico 1"},"content":{"rendered":"<div class=\"wpb-content-wrapper\"><p>[vc_row][vc_column][vc_custom_heading text=\u00bbS\u00cdNDROMES Y DISTROFIAS RETINIANAS\u00bb font_container=\u00bbtag:h5|font_size:22px|text_align:center|color:%23000000&#8243; use_theme_fonts=\u00bbyes\u00bb link=\u00bburl:https%3A%2F%2Fwww.atlasrleye.com%2Fes%2Fatlas%2F%231636632807269-1444524b-3ed4|\u00bb][vc_text_separator title=\u00bb\u00bb i_icon_fontawesome=\u00bbfas fa-eye\u00bb i_color=\u00bbcustom\u00bb i_size=\u00bblg\u00bb color=\u00bbcustom\u00bb border_width=\u00bb8&#8243; add_icon=\u00bbtrue\u00bb css=\u00bb.vc_custom_1637080776101{margin-bottom: -5px !important;}\u00bb accent_color=\u00bb#bababa\u00bb i_custom_color=\u00bb#bababa\u00bb][vc_custom_heading text=\u00bbAtrofia girata &#8211; Caso cl\u00ednico 1&#8243; font_container=\u00bbtag:h1|text_align:center|color:%235f1b52&#8243; use_theme_fonts=\u00bbyes\u00bb link=\u00bburl:https%3A%2F%2Fwww.atlasrleye.com%2Fes%2Fatrofia-girata%2F|title:ATROFIA%20GIRATA|\u00bb]<div class=\"ult-spacer spacer-69f278c116845\" data-id=\"69f278c116845\" data-height=\"70\" data-height-mobile=\"70\" data-height-tab=\"70\" data-height-tab-portrait=\"\" data-height-mobile-landscape=\"\" style=\"clear:both;display:block;\"><\/div>[\/vc_column][\/vc_row][vc_row][vc_column]<div class=\"ult-spacer spacer-69f278c1168a6\" data-id=\"69f278c1168a6\" data-height=\"10\" data-height-mobile=\"10\" data-height-tab=\"10\" data-height-tab-portrait=\"\" data-height-mobile-landscape=\"\" style=\"clear:both;display:block;\"><\/div><div class=\"ult-spacer spacer-69f278c1168eb\" data-id=\"69f278c1168eb\" data-height=\"20\" data-height-mobile=\"20\" data-height-tab=\"20\" data-height-tab-portrait=\"\" data-height-mobile-landscape=\"\" style=\"clear:both;display:block;\"><\/div>[\/vc_column][\/vc_row][vc_row gap=\u00bb35&#8243; equal_height=\u00bbyes\u00bb][vc_column width=\u00bb1\/2&#8243;][vc_row_inner][vc_column_inner][vc_column_text]<\/p>\n<p style=\"font-size: 18px; text-align: justify;\"><span style=\"color: #000000;\"><img loading=\"lazy\" decoding=\"async\" class=\" wp-image-20434 alignleft\" src=\"https:\/\/www.atlasrleye.com\/wp-content\/uploads\/2022\/01\/o01-ti02-2134111-20100531-002-300x236.jpg\" alt=\"\" width=\"239\" height=\"188\">Retinografia de campo amplio de una atrofia girata en un paciente de 32 a\u00f1os de edad con ceguera nocturna, constricci\u00f3n de los campos visuales y AV c\/l de 16\/200 OI. El polo posterior tiene una apariencia normal pero la periferia y la media periferia de retina muestra \u00e1reas recortadas bien delineadas de atrofia retinocoroidea con bordes hiperpigmentados.<\/span><\/p>\n<p>[\/vc_column_text][\/vc_column_inner][\/vc_row_inner][\/vc_column][vc_column width=\u00bb1\/2&#8243;][vc_row_inner][vc_column_inner][vc_column_text]<\/p>\n<p style=\"text-align: justify; font-size: 18px;\"><span style=\"color: #000000;\"><img loading=\"lazy\" decoding=\"async\" class=\" wp-image-20435 alignleft\" src=\"https:\/\/www.atlasrleye.com\/wp-content\/uploads\/2022\/01\/o02-ti07-2134111-20100531-023-275x300.jpg\" alt=\"\" width=\"213\" height=\"232\">Angiograf\u00eda con fluoresce\u00edna (fase inicial) de una atrofia girata. \u00c1reas focales de atrofia de la coroides con bordes bien delineados, separan el tejido normal del tejido con alteraciones en la media periferia.<\/span><\/p>\n<p>[\/vc_column_text][\/vc_column_inner][\/vc_row_inner][\/vc_column][\/vc_row][vc_row][vc_column][vc_column_text]<\/p>\n<h3><span style=\"color: #5f1b52;\">Evaluaciones<br \/>\n<\/span><\/h3>\n<p>[\/vc_column_text][vc_tta_accordion active_section=\u00bb99&#8243; no_fill=\u00bbtrue\u00bb collapsible_all=\u00bbtrue\u00bb][vc_tta_section i_icon_fontawesome=\u00bbfar fa-calendar-alt\u00bb add_icon=\u00bbtrue\u00bb title=\u00bb1\u00aa Evaluaci\u00f3n &#8211; 31 05 2010&#8243; tab_id=\u00bb1643201210935-53e8de92-3b06&#8243;][vc_row_inner][vc_column_inner][vc_column_text]<\/p>\n<div class=\"row py-1\">\n<div class=\"col-12 border-bottom border-gray-light\">\n<p style=\"font-size: 18px;\">Angiograf\u00eda con fluoresce\u00edna<\/p>\n<div style=\"text-indent: 20px;\">\n<p style=\"font-size: 14px; text-align: justify;\"><span style=\"color: #000000;\">Fase inicial: Observe la nitida divisi\u00f3n de la coriocapilaris y la atrofia de la coriocapilaris. Etapa tard\u00eda: Observe las \u00e1reas focales de la atrofia coroidea en la periferia media y las \u00e1reas hiperfluorescentes del polo posterior.<\/span><\/p>\n<\/div>\n<\/div>\n<\/div>\n<p>[\/vc_column_text][vc_gallery type=\u00bbimage_grid\u00bb images=\u00bb66073,66064&#8243; img_size=\u00bb193&#215;206&#8243; css=\u00bb.vc_custom_1708268992002{margin-top: -30px !important;}\u00bb][\/vc_column_inner][\/vc_row_inner][vc_row_inner][vc_column_inner width=\u00bb1\/2&#8243;][vc_column_text]<\/p>\n<div class=\"row py-1\">\n<div class=\"col-12 border-bottom border-gray-light\">\n<p style=\"font-size: 18px;\">Autofluorescencia<\/p>\n<div style=\"text-indent: 20px;\">\n<p style=\"font-size: 14px; text-align: justify;\"><span style=\"color: #000000;\">Hiperautofluorescencia en la macula.<\/span><\/p>\n<\/div>\n<\/div>\n<\/div>\n<p>[\/vc_column_text][vc_gallery type=\u00bbimage_grid\u00bb images=\u00bb66070&#8243; img_size=\u00bb193&#215;206&#8243; css=\u00bb.vc_custom_1708269016801{margin-top: -30px !important;}\u00bb][\/vc_column_inner][vc_column_inner width=\u00bb1\/2&#8243;][vc_column_text]<\/p>\n<div class=\"row py-1\">\n<div class=\"col-12 border-bottom border-gray-light\">\n<p style=\"font-size: 18px;\">OCT (B-Scan) longitudinal<\/p>\n<\/div>\n<\/div>\n<p>[\/vc_column_text][vc_gallery type=\u00bbimage_grid\u00bb images=\u00bb66067&#8243; img_size=\u00bb307&#215;110&#8243;][\/vc_column_inner][\/vc_row_inner][vc_row_inner][vc_column_inner][vc_column_text]<\/p>\n<div class=\"row py-1\">\n<div class=\"col-12 border-bottom border-gray-light\">\n<p style=\"font-size: 18px;\">Retinograf\u00eda en color<\/p>\n<\/div>\n<\/div>\n<p>[\/vc_column_text][vc_gallery type=\u00bbimage_grid\u00bb images=\u00bb66079,66082,66076&#8243; img_size=\u00bb251&#215;206&#8243;][\/vc_column_inner][\/vc_row_inner][\/vc_tta_section][\/vc_tta_accordion][\/vc_column][\/vc_row]<\/p>\n<\/div>","protected":false},"excerpt":{"rendered":"<p>[vc_row][vc_column][vc_custom_heading text=\u00bbS\u00cdNDROMES Y DISTROFIAS RETINIANAS\u00bb font_container=\u00bbtag:h5|font_size:22px|text_align:center|color:%23000000&#8243; use_theme_fonts=\u00bbyes\u00bb link=\u00bburl:https%3A%2F%2Fwww.atlasrleye.com%2Fes%2Fatlas%2F%231636632807269-1444524b-3ed4|\u00bb][vc_text_separator title=\u00bb\u00bb i_icon_fontawesome=\u00bbfas fa-eye\u00bb i_color=\u00bbcustom\u00bb i_size=\u00bblg\u00bb color=\u00bbcustom\u00bb border_width=\u00bb8&#8243; add_icon=\u00bbtrue\u00bb css=\u00bb.vc_custom_1637080776101{margin-bottom: -5px !important;}\u00bb accent_color=\u00bb#bababa\u00bb i_custom_color=\u00bb#bababa\u00bb][vc_custom_heading text=\u00bbAtrofia girata &#8211; Caso cl\u00ednico 1&#8243; font_container=\u00bbtag:h1|text_align:center|color:%235f1b52&#8243; use_theme_fonts=\u00bbyes\u00bb link=\u00bburl:https%3A%2F%2Fwww.atlasrleye.com%2Fes%2Fatrofia-girata%2F|title:ATROFIA%20GIRATA|\u00bb][\/vc_column][\/vc_row][vc_row][vc_column][\/vc_column][\/vc_row][vc_row gap=\u00bb35&#8243; equal_height=\u00bbyes\u00bb][vc_column width=\u00bb1\/2&#8243;][vc_row_inner][vc_column_inner][vc_column_text] Retinografia de campo amplio de una atrofia [&hellip;]<\/p>\n","protected":false},"author":3,"featured_media":0,"parent":74781,"menu_order":0,"comment_status":"closed","ping_status":"closed","template":"","meta":{"_monsterinsights_skip_tracking":false,"_monsterinsights_sitenote_active":false,"_monsterinsights_sitenote_note":"","_monsterinsights_sitenote_category":0,"footnotes":""},"class_list":["post-74793","page","type-page","status-publish","hentry"],"_links":{"self":[{"href":"https:\/\/www.atlasrleye.com\/es\/wp-json\/wp\/v2\/pages\/74793","targetHints":{"allow":["GET"]}}],"collection":[{"href":"https:\/\/www.atlasrleye.com\/es\/wp-json\/wp\/v2\/pages"}],"about":[{"href":"https:\/\/www.atlasrleye.com\/es\/wp-json\/wp\/v2\/types\/page"}],"author":[{"embeddable":true,"href":"https:\/\/www.atlasrleye.com\/es\/wp-json\/wp\/v2\/users\/3"}],"replies":[{"embeddable":true,"href":"https:\/\/www.atlasrleye.com\/es\/wp-json\/wp\/v2\/comments?post=74793"}],"version-history":[{"count":11,"href":"https:\/\/www.atlasrleye.com\/es\/wp-json\/wp\/v2\/pages\/74793\/revisions"}],"predecessor-version":[{"id":96479,"href":"https:\/\/www.atlasrleye.com\/es\/wp-json\/wp\/v2\/pages\/74793\/revisions\/96479"}],"up":[{"embeddable":true,"href":"https:\/\/www.atlasrleye.com\/es\/wp-json\/wp\/v2\/pages\/74781"}],"wp:attachment":[{"href":"https:\/\/www.atlasrleye.com\/es\/wp-json\/wp\/v2\/media?parent=74793"}],"curies":[{"name":"wp","href":"https:\/\/api.w.org\/{rel}","templated":true}]}}

Caso Clínico 1

<div class="wpb-content-wrapper"><p>[vc_row][vc_column][vc_custom_heading text=»SÍNDROMES Y DISTROFIAS RETINIANAS» font_container=»tag:h5|font_size:22px|text_align:center|color:%23000000&#8243; use_theme_fonts=»yes» link=»url:https%3A%2F%2Fwww.atlasrleye.com%2Fes%2Fatlas%2F%231636632807269-1444524b-3ed4|»][vc_text_separator title=»» i_icon_fontawesome=»fas fa-eye» i_color=»custom» i_size=»lg» color=»custom» border_width=»8&#8243; add_icon=»true» css=».vc_custom_1637080776101{margin-bottom: -5px !important;}» accent_color=»#bababa» i_custom_color=»#bababa»][vc_custom_heading text=»Atrofia girata &#8211; Caso clínico 1&#8243; font_container=»tag:h1|text_align:center|color:%235f1b52&#8243; use_theme_fonts=»yes» link=»url:https%3A%2F%2Fwww.atlasrleye.com%2Fes%2Fatrofia-girata%2F|title:ATROFIA%20GIRATA|»]<div class="ult-spacer spacer-69f278c116845" data-id="69f278c116845" data-height="70" data-height-mobile="70" data-height-tab="70" data-height-tab-portrait="" data-height-mobile-landscape="" style="clear:both;display:block;"></div>[/vc_column][/vc_row][vc_row][vc_column]<div class="ult-spacer spacer-69f278c1168a6" data-id="69f278c1168a6" data-height="10" data-height-mobile="10" data-height-tab="10" data-height-tab-portrait="" data-height-mobile-landscape="" style="clear:both;display:block;"></div><div class="ult-spacer spacer-69f278c1168eb" data-id="69f278c1168eb" data-height="20" data-height-mobile="20" data-height-tab="20" data-height-tab-portrait="" data-height-mobile-landscape="" style="clear:both;display:block;"></div>[/vc_column][/vc_row][vc_row gap=»35&#8243; equal_height=»yes»][vc_column width=»1/2&#8243;][vc_row_inner][vc_column_inner][vc_column_text]</p>
<p style="font-size: 18px; text-align: justify;"><span style="color: #000000;"><img loading="lazy" decoding="async" class=" wp-image-20434 alignleft" src="https://www.atlasrleye.com/wp-content/uploads/2022/01/o01-ti02-2134111-20100531-002-300x236.jpg" alt="" width="239" height="188">Retinografia de campo amplio de una atrofia girata en un paciente de 32 años de edad con ceguera nocturna, constricción de los campos visuales y AV c/l de 16/200 OI. El polo posterior tiene una apariencia normal pero la periferia y la media periferia de retina muestra áreas recortadas bien delineadas de atrofia retinocoroidea con bordes hiperpigmentados.</span></p>
<p>[/vc_column_text][/vc_column_inner][/vc_row_inner][/vc_column][vc_column width=»1/2&#8243;][vc_row_inner][vc_column_inner][vc_column_text]</p>
<p style="text-align: justify; font-size: 18px;"><span style="color: #000000;"><img loading="lazy" decoding="async" class=" wp-image-20435 alignleft" src="https://www.atlasrleye.com/wp-content/uploads/2022/01/o02-ti07-2134111-20100531-023-275x300.jpg" alt="" width="213" height="232">Angiografía con fluoresceína (fase inicial) de una atrofia girata. Áreas focales de atrofia de la coroides con bordes bien delineados, separan el tejido normal del tejido con alteraciones en la media periferia.</span></p>
<p>[/vc_column_text][/vc_column_inner][/vc_row_inner][/vc_column][/vc_row][vc_row][vc_column][vc_column_text]</p>
<h3><span style="color: #5f1b52;">Evaluaciones<br />
</span></h3>
<p>[/vc_column_text][vc_tta_accordion active_section=»99&#8243; no_fill=»true» collapsible_all=»true»][vc_tta_section i_icon_fontawesome=»far fa-calendar-alt» add_icon=»true» title=»1ª Evaluación &#8211; 31 05 2010&#8243; tab_id=»1643201210935-53e8de92-3b06&#8243;][vc_row_inner][vc_column_inner][vc_column_text]</p>
<div class="row py-1">
<div class="col-12 border-bottom border-gray-light">
<p style="font-size: 18px;">Angiografía con fluoresceína</p>
<div style="text-indent: 20px;">
<p style="font-size: 14px; text-align: justify;"><span style="color: #000000;">Fase inicial: Observe la nitida división de la coriocapilaris y la atrofia de la coriocapilaris. Etapa tardía: Observe las áreas focales de la atrofia coroidea en la periferia media y las áreas hiperfluorescentes del polo posterior.</span></p>
</div>
</div>
</div>
<p>[/vc_column_text][vc_gallery type=»image_grid» images=»66073,66064&#8243; img_size=»193&#215;206&#8243; css=».vc_custom_1708268992002{margin-top: -30px !important;}»][/vc_column_inner][/vc_row_inner][vc_row_inner][vc_column_inner width=»1/2&#8243;][vc_column_text]</p>
<div class="row py-1">
<div class="col-12 border-bottom border-gray-light">
<p style="font-size: 18px;">Autofluorescencia</p>
<div style="text-indent: 20px;">
<p style="font-size: 14px; text-align: justify;"><span style="color: #000000;">Hiperautofluorescencia en la macula.</span></p>
</div>
</div>
</div>
<p>[/vc_column_text][vc_gallery type=»image_grid» images=»66070&#8243; img_size=»193&#215;206&#8243; css=».vc_custom_1708269016801{margin-top: -30px !important;}»][/vc_column_inner][vc_column_inner width=»1/2&#8243;][vc_column_text]</p>
<div class="row py-1">
<div class="col-12 border-bottom border-gray-light">
<p style="font-size: 18px;">OCT (B-Scan) longitudinal</p>
</div>
</div>
<p>[/vc_column_text][vc_gallery type=»image_grid» images=»66067&#8243; img_size=»307&#215;110&#8243;][/vc_column_inner][/vc_row_inner][vc_row_inner][vc_column_inner][vc_column_text]</p>
<div class="row py-1">
<div class="col-12 border-bottom border-gray-light">
<p style="font-size: 18px;">Retinografía en color</p>
</div>
</div>
<p>[/vc_column_text][vc_gallery type=»image_grid» images=»66079,66082,66076&#8243; img_size=»251&#215;206&#8243;][/vc_column_inner][/vc_row_inner][/vc_tta_section][/vc_tta_accordion][/vc_column][/vc_row]</p>
</div>

<p>[vc_row][vc_column][vc_custom_heading text=»SÍNDROMES Y DISTROFIAS RETINIANAS» font_container=»tag:h5|font_size:22px|text_align:center|color:%23000000&#8243; use_theme_fonts=»yes» link=»url:https%3A%2F%2Fwww.atlasrleye.com%2Fes%2Fatlas%2F%231636632807269-1444524b-3ed4|»][vc_text_separator title=»» i_icon_fontawesome=»fas fa-eye» i_color=»custom» i_size=»lg» color=»custom» border_width=»8&#8243; add_icon=»true» css=».vc_custom_1637080776101{margin-bottom: -5px !important;}» accent_color=»#bababa» i_custom_color=»#bababa»][vc_custom_heading text=»Atrofia girata &#8211; Caso clínico 1&#8243; font_container=»tag:h1|text_align:center|color:%235f1b52&#8243; use_theme_fonts=»yes» link=»url:https%3A%2F%2Fwww.atlasrleye.com%2Fes%2Fatrofia-girata%2F|title:ATROFIA%20GIRATA|»][/vc_column][/vc_row][vc_row][vc_column][/vc_column][/vc_row][vc_row gap=»35&#8243; equal_height=»yes»][vc_column width=»1/2&#8243;][vc_row_inner][vc_column_inner][vc_column_text] Retinografia de campo amplio de una atrofia [&hellip;]</p>
