{"id":74561,"date":"2021-11-23T16:01:38","date_gmt":"2021-11-23T16:01:38","guid":{"rendered":"https:\/\/www.atlasrleye.com\/distrofia-reticular-de-sjogren\/"},"modified":"2025-07-15T11:19:57","modified_gmt":"2025-07-15T11:19:57","slug":"distrofia-reticular-de-sjogren","status":"publish","type":"page","link":"https:\/\/www.atlasrleye.com\/es\/distrofia-reticular-de-sjogren\/","title":{"rendered":"DISTROFIA RETICULAR DE SJOGREN"},"content":{"rendered":"<div class=\"wpb-content-wrapper\"><p>[vc_row][vc_column][vc_custom_heading text=\u00bbS\u00cdNDROMES Y DISTROFIAS RETINIANAS\u00bb font_container=\u00bbtag:h5|font_size:22px|text_align:center|color:%23000000&#8243; use_theme_fonts=\u00bbyes\u00bb link=\u00bburl:https%3A%2F%2Fwww.atlasrleye.com%2Fes%2Fatlas%2F%231636632807269-1444524b-3ed4|\u00bb][vc_text_separator title=\u00bb\u00bb i_icon_fontawesome=\u00bbfas fa-eye\u00bb i_color=\u00bbcustom\u00bb i_size=\u00bblg\u00bb color=\u00bbcustom\u00bb border_width=\u00bb8&#8243; css=\u00bb.vc_custom_1637080776101{margin-bottom: -5px !important;}\u00bb add_icon=\u00bbtrue\u00bb accent_color=\u00bb#bababa\u00bb i_custom_color=\u00bb#bababa\u00bb][vc_custom_heading source=\u00bbpost_title\u00bb font_container=\u00bbtag:h1|font_size:44px|text_align:center|color:%235f1b52&#8243; use_theme_fonts=\u00bbyes\u00bb]<div class=\"ult-spacer spacer-69f2776522a77\" data-id=\"69f2776522a77\" data-height=\"30\" data-height-mobile=\"0\" data-height-tab=\"\" data-height-tab-portrait=\"\" data-height-mobile-landscape=\"\" style=\"clear:both;display:block;\"><\/div>[\/vc_column][\/vc_row][vc_row][vc_column width=\u00bb3\/4&#8243;][vc_column_text]<\/p>\n<p style=\"text-align: justify; font-size: 16px;\">La distrofia reticulada de Sj\u00f6gren es una enfermedad de transmisi\u00f3n autos\u00f3mica recesiva caracterizada por un aglomerado hiperpigmentado en un patr\u00f3n reticulado, de tipo red de pesca, con \u00e1reas de degeneraci\u00f3n hiperpl\u00e1sicas y atr\u00f3ficas. Comienza en el centro y avanza hacia la periferia de retina.<\/p>\n<p style=\"text-align: justify; font-size: 16px;\">Los pacientes son generalmente asintom\u00e1ticos y tienen buena visi\u00f3n.<\/p>\n<p style=\"text-align: justify; font-size: 16px;\">En las fases iniciales, la angiograf\u00eda con fluoresce\u00edna muestra un fondo t\u00edpico, con unidades poligonales de hiperfluorescencia y \u00e1reas de hipofluorescencia de la hiperpigmentaci\u00f3n.<\/p>\n<p>[\/vc_column_text][\/vc_column][vc_column width=\u00bb1\/4&#8243;][vc_images_carousel images=\u00bb20996,20995&#8243; img_size=\u00bbmedium\u00bb speed=\u00bb2000&#8243; autoplay=\u00bbyes\u00bb hide_pagination_control=\u00bbyes\u00bb wrap=\u00bbyes\u00bb css=\u00bb.vc_custom_1752578148513{margin-bottom: 10px !important;}\u00bb]<div class=\"stats-block stats-left  \"><div class=\"aio-icon-left\"><div class=\"ult-just-icon-wrapper  \"><div class=\"align-icon\" style=\"text-align:center;\">\n<div class=\"aio-icon square \"  style=\"color:#333333;background:#ffffff;font-size:32px;display:inline-block;\">\n\t<i class=\"Defaults-eye\"><\/i>\n<\/div><\/div><\/div><\/div><div class=\"stats-desc\" id=\"counter-responsv-wrap-8049\"><div id=\"counter_3657427869f2776522d17\" data-id=\"counter_3657427869f2776522d17\"  data-ultimate-target='#counter-responsv-wrap-8049 .stats-number'  data-responsive-json-new='{\"font-size\":\"\",\"line-height\":\"\"}'  class=\"stats-number ult-responsive\" style=\"font-size:28px;  \" data-speed=\"3\" data-counter-value=\"1\" data-separator=\",\" data-decimal=\".\">0<\/div><div id=\"title-counter_3657427869f2776522d17\"  data-ultimate-target='#counter-responsv-wrap-8049 .stats-text'  data-responsive-json-new='{\"font-size\":\"desktop:16px;\",\"line-height\":\"\"}'  class=\"stats-text ult-responsive\" style=\"font-size:px;  font-weight:bold;\">Casos Cl\u00ednicos<\/div><\/div><\/div>[\/vc_column][\/vc_row][vc_row][vc_column][vc_column_text css=\u00bb.vc_custom_1752578158733{margin-bottom: 10px !important;}\u00bb]<\/p>\n<h1><strong><span style=\"color: #5f1b52;\">Casos Cl\u00ednicos<\/span><\/strong><\/h1>\n<p>[\/vc_column_text][\/vc_column][\/vc_row][vc_row][vc_column width=\u00bb1\/4&#8243;][vc_column_text css=\u00bb.vc_custom_1752578175904{margin-bottom: 0px !important;}\u00bb]<\/p>\n<h4 style=\"text-align: left;\"><a href=\"https:\/\/www.atlasrleye.com\/es\/distrofia-reticular-de-sjogren\/caso-clinico-1\/\">Caso Cl\u00ednico 1<\/a><\/h4>\n<p>[\/vc_column_text][vc_gallery type=\u00bbimage_grid\u00bb images=\u00bb20995,20996&#8243; img_size=\u00bb150&#8243; css=\u00bb.vc_custom_1752578189114{margin-bottom: 10px !important;margin-left: -20px !important;}\u00bb][vc_row_inner][vc_column_inner width=\u00bb1\/5&#8243; offset=\u00bbvc_col-xs-1\/5&#8243;]<div class=\"aio-icon-component    style_1\"><div id=\"Info-box-wrap-2872\" class=\"aio-icon-box default-icon\" style=\"\"  ><div class=\"aio-icon-default\"><div class=\"ult-just-icon-wrapper  \"><div class=\"align-icon\" style=\"text-align:center;\">\n<div class=\"aio-icon none \"  style=\"color:#5f1b52;font-size:16px;display:inline-block;\">\n\t<i class=\"Defaults-calendar\"><\/i>\n<\/div><\/div><\/div><\/div><div class=\"aio-icon-header\" ><h3 class=\"aio-icon-title ult-responsive\"  data-ultimate-target='#Info-box-wrap-2872 .aio-icon-title'  data-responsive-json-new='{\"font-size\":\"\",\"line-height\":\"\"}'  style=\"color:#5f1b52;\">1<\/h3><\/div> <!-- header --><\/div> <!-- aio-icon-box --><\/div> <!-- aio-icon-component -->[\/vc_column_inner][vc_column_inner width=\u00bb1\/5&#8243; offset=\u00bbvc_col-xs-1\/5&#8243;]<div class=\"aio-icon-component    style_1\"><div id=\"Info-box-wrap-6764\" class=\"aio-icon-box default-icon\" style=\"\"  ><div class=\"aio-icon-default\"><div class=\"ult-just-icon-wrapper  \"><div class=\"align-icon\" style=\"text-align:center;\">\n<div class=\"aio-icon none \"  style=\"color:#5f1b52;font-size:16px;display:inline-block;\">\n\t<i class=\"Defaults-camera\"><\/i>\n<\/div><\/div><\/div><\/div><div class=\"aio-icon-header\" ><h3 class=\"aio-icon-title ult-responsive\"  data-ultimate-target='#Info-box-wrap-6764 .aio-icon-title'  data-responsive-json-new='{\"font-size\":\"\",\"line-height\":\"\"}'  style=\"color:#5f1b52;\">21<\/h3><\/div> <!-- header --><\/div> <!-- aio-icon-box --><\/div> <!-- aio-icon-component -->[\/vc_column_inner][vc_column_inner width=\u00bb1\/5&#8243; offset=\u00bbvc_col-xs-1\/5&#8243;]<div class=\"aio-icon-component    style_1\"><div id=\"Info-box-wrap-1515\" class=\"aio-icon-box default-icon\" style=\"\"  ><div class=\"aio-icon-default\"><div class=\"ult-just-icon-wrapper  \"><div class=\"align-icon\" style=\"text-align:center;\">\n<div class=\"aio-icon none \"  style=\"color:#5f1b52;font-size:16px;display:inline-block;\">\n\t<i class=\"Defaults-film\"><\/i>\n<\/div><\/div><\/div><\/div><div class=\"aio-icon-header\" ><h3 class=\"aio-icon-title ult-responsive\"  data-ultimate-target='#Info-box-wrap-1515 .aio-icon-title'  data-responsive-json-new='{\"font-size\":\"\",\"line-height\":\"\"}'  style=\"color:#5f1b52;\">0<\/h3><\/div> <!-- header --><\/div> <!-- aio-icon-box --><\/div> <!-- aio-icon-component -->[\/vc_column_inner][\/vc_row_inner][\/vc_column][\/vc_row][vc_row][vc_column][vc_column_text][\/vc_column_text][\/vc_column][\/vc_row]<\/p>\n<\/div>","protected":false},"excerpt":{"rendered":"<p>[vc_row][vc_column][vc_custom_heading text=\u00bbS\u00cdNDROMES Y DISTROFIAS RETINIANAS\u00bb font_container=\u00bbtag:h5|font_size:22px|text_align:center|color:%23000000&#8243; use_theme_fonts=\u00bbyes\u00bb link=\u00bburl:https%3A%2F%2Fwww.atlasrleye.com%2Fes%2Fatlas%2F%231636632807269-1444524b-3ed4|\u00bb][vc_text_separator title=\u00bb\u00bb i_icon_fontawesome=\u00bbfas fa-eye\u00bb i_color=\u00bbcustom\u00bb i_size=\u00bblg\u00bb color=\u00bbcustom\u00bb border_width=\u00bb8&#8243; css=\u00bb.vc_custom_1637080776101{margin-bottom: -5px !important;}\u00bb add_icon=\u00bbtrue\u00bb accent_color=\u00bb#bababa\u00bb i_custom_color=\u00bb#bababa\u00bb][vc_custom_heading source=\u00bbpost_title\u00bb font_container=\u00bbtag:h1|font_size:44px|text_align:center|color:%235f1b52&#8243; use_theme_fonts=\u00bbyes\u00bb][\/vc_column][\/vc_row][vc_row][vc_column width=\u00bb3\/4&#8243;][vc_column_text] La distrofia reticulada de Sj\u00f6gren es una enfermedad de transmisi\u00f3n autos\u00f3mica recesiva caracterizada por un [&hellip;]<\/p>\n","protected":false},"author":3,"featured_media":0,"parent":0,"menu_order":0,"comment_status":"closed","ping_status":"closed","template":"","meta":{"_monsterinsights_skip_tracking":false,"_monsterinsights_sitenote_active":false,"_monsterinsights_sitenote_note":"","_monsterinsights_sitenote_category":0,"footnotes":""},"class_list":["post-74561","page","type-page","status-publish","hentry"],"_links":{"self":[{"href":"https:\/\/www.atlasrleye.com\/es\/wp-json\/wp\/v2\/pages\/74561","targetHints":{"allow":["GET"]}}],"collection":[{"href":"https:\/\/www.atlasrleye.com\/es\/wp-json\/wp\/v2\/pages"}],"about":[{"href":"https:\/\/www.atlasrleye.com\/es\/wp-json\/wp\/v2\/types\/page"}],"author":[{"embeddable":true,"href":"https:\/\/www.atlasrleye.com\/es\/wp-json\/wp\/v2\/users\/3"}],"replies":[{"embeddable":true,"href":"https:\/\/www.atlasrleye.com\/es\/wp-json\/wp\/v2\/comments?post=74561"}],"version-history":[{"count":8,"href":"https:\/\/www.atlasrleye.com\/es\/wp-json\/wp\/v2\/pages\/74561\/revisions"}],"predecessor-version":[{"id":118138,"href":"https:\/\/www.atlasrleye.com\/es\/wp-json\/wp\/v2\/pages\/74561\/revisions\/118138"}],"wp:attachment":[{"href":"https:\/\/www.atlasrleye.com\/es\/wp-json\/wp\/v2\/media?parent=74561"}],"curies":[{"name":"wp","href":"https:\/\/api.w.org\/{rel}","templated":true}]}}

<div class="wpb-content-wrapper"><p>[vc_row][vc_column][vc_custom_heading text=»SÍNDROMES Y DISTROFIAS RETINIANAS» font_container=»tag:h5|font_size:22px|text_align:center|color:%23000000&#8243; use_theme_fonts=»yes» link=»url:https%3A%2F%2Fwww.atlasrleye.com%2Fes%2Fatlas%2F%231636632807269-1444524b-3ed4|»][vc_text_separator title=»» i_icon_fontawesome=»fas fa-eye» i_color=»custom» i_size=»lg» color=»custom» border_width=»8&#8243; css=».vc_custom_1637080776101{margin-bottom: -5px !important;}» add_icon=»true» accent_color=»#bababa» i_custom_color=»#bababa»][vc_custom_heading source=»post_title» font_container=»tag:h1|font_size:44px|text_align:center|color:%235f1b52&#8243; use_theme_fonts=»yes»]<div class="ult-spacer spacer-69f2776522a77" data-id="69f2776522a77" data-height="30" data-height-mobile="0" data-height-tab="" data-height-tab-portrait="" data-height-mobile-landscape="" style="clear:both;display:block;"></div>[/vc_column][/vc_row][vc_row][vc_column width=»3/4&#8243;][vc_column_text]</p>
<p style="text-align: justify; font-size: 16px;">La distrofia reticulada de Sjögren es una enfermedad de transmisión autosómica recesiva caracterizada por un aglomerado hiperpigmentado en un patrón reticulado, de tipo red de pesca, con áreas de degeneración hiperplásicas y atróficas. Comienza en el centro y avanza hacia la periferia de retina.</p>
<p style="text-align: justify; font-size: 16px;">Los pacientes son generalmente asintomáticos y tienen buena visión.</p>
<p style="text-align: justify; font-size: 16px;">En las fases iniciales, la angiografía con fluoresceína muestra un fondo típico, con unidades poligonales de hiperfluorescencia y áreas de hipofluorescencia de la hiperpigmentación.</p>
<p>[/vc_column_text][/vc_column][vc_column width=»1/4&#8243;][vc_images_carousel images=»20996,20995&#8243; img_size=»medium» speed=»2000&#8243; autoplay=»yes» hide_pagination_control=»yes» wrap=»yes» css=».vc_custom_1752578148513{margin-bottom: 10px !important;}»]<div class="stats-block stats-left  "><div class="aio-icon-left"><div class="ult-just-icon-wrapper  "><div class="align-icon" style="text-align:center;">
<div class="aio-icon square "  style="color:#333333;background:#ffffff;font-size:32px;display:inline-block;">
	<i class="Defaults-eye"></i>
</div></div></div></div><div class="stats-desc" id="counter-responsv-wrap-8049"><div id="counter_3657427869f2776522d17" data-id="counter_3657427869f2776522d17"  data-ultimate-target='#counter-responsv-wrap-8049 .stats-number'  data-responsive-json-new='{"font-size":"","line-height":""}'  class="stats-number ult-responsive" style="font-size:28px;  " data-speed="3" data-counter-value="1" data-separator="," data-decimal=".">0</div><div id="title-counter_3657427869f2776522d17"  data-ultimate-target='#counter-responsv-wrap-8049 .stats-text'  data-responsive-json-new='{"font-size":"desktop:16px;","line-height":""}'  class="stats-text ult-responsive" style="font-size:px;  font-weight:bold;">Casos Clínicos</div></div></div>[/vc_column][/vc_row][vc_row][vc_column][vc_column_text css=».vc_custom_1752578158733{margin-bottom: 10px !important;}»]</p>
<h1><strong><span style="color: #5f1b52;">Casos Clínicos</span></strong></h1>
<p>[/vc_column_text][/vc_column][/vc_row][vc_row][vc_column width=»1/4&#8243;][vc_column_text css=».vc_custom_1752578175904{margin-bottom: 0px !important;}»]</p>
<h4 style="text-align: left;"><a href="https://www.atlasrleye.com/es/distrofia-reticular-de-sjogren/caso-clinico-1/">Caso Clínico 1</a></h4>
<p>[/vc_column_text][vc_gallery type=»image_grid» images=»20995,20996&#8243; img_size=»150&#8243; css=».vc_custom_1752578189114{margin-bottom: 10px !important;margin-left: -20px !important;}»][vc_row_inner][vc_column_inner width=»1/5&#8243; offset=»vc_col-xs-1/5&#8243;]<div class="aio-icon-component    style_1"><div id="Info-box-wrap-2872" class="aio-icon-box default-icon" style=""  ><div class="aio-icon-default"><div class="ult-just-icon-wrapper  "><div class="align-icon" style="text-align:center;">
<div class="aio-icon none "  style="color:#5f1b52;font-size:16px;display:inline-block;">
	<i class="Defaults-calendar"></i>
</div></div></div></div><div class="aio-icon-header" ><h3 class="aio-icon-title ult-responsive"  data-ultimate-target='#Info-box-wrap-2872 .aio-icon-title'  data-responsive-json-new='{"font-size":"","line-height":""}'  style="color:#5f1b52;">1</h3></div> <!-- header --></div> <!-- aio-icon-box --></div> <!-- aio-icon-component -->[/vc_column_inner][vc_column_inner width=»1/5&#8243; offset=»vc_col-xs-1/5&#8243;]<div class="aio-icon-component    style_1"><div id="Info-box-wrap-6764" class="aio-icon-box default-icon" style=""  ><div class="aio-icon-default"><div class="ult-just-icon-wrapper  "><div class="align-icon" style="text-align:center;">
<div class="aio-icon none "  style="color:#5f1b52;font-size:16px;display:inline-block;">
	<i class="Defaults-camera"></i>
</div></div></div></div><div class="aio-icon-header" ><h3 class="aio-icon-title ult-responsive"  data-ultimate-target='#Info-box-wrap-6764 .aio-icon-title'  data-responsive-json-new='{"font-size":"","line-height":""}'  style="color:#5f1b52;">21</h3></div> <!-- header --></div> <!-- aio-icon-box --></div> <!-- aio-icon-component -->[/vc_column_inner][vc_column_inner width=»1/5&#8243; offset=»vc_col-xs-1/5&#8243;]<div class="aio-icon-component    style_1"><div id="Info-box-wrap-1515" class="aio-icon-box default-icon" style=""  ><div class="aio-icon-default"><div class="ult-just-icon-wrapper  "><div class="align-icon" style="text-align:center;">
<div class="aio-icon none "  style="color:#5f1b52;font-size:16px;display:inline-block;">
	<i class="Defaults-film"></i>
</div></div></div></div><div class="aio-icon-header" ><h3 class="aio-icon-title ult-responsive"  data-ultimate-target='#Info-box-wrap-1515 .aio-icon-title'  data-responsive-json-new='{"font-size":"","line-height":""}'  style="color:#5f1b52;">0</h3></div> <!-- header --></div> <!-- aio-icon-box --></div> <!-- aio-icon-component -->[/vc_column_inner][/vc_row_inner][/vc_column][/vc_row][vc_row][vc_column][vc_column_text][/vc_column_text][/vc_column][/vc_row]</p>
</div>

<p>[vc_row][vc_column][vc_custom_heading text=»SÍNDROMES Y DISTROFIAS RETINIANAS» font_container=»tag:h5|font_size:22px|text_align:center|color:%23000000&#8243; use_theme_fonts=»yes» link=»url:https%3A%2F%2Fwww.atlasrleye.com%2Fes%2Fatlas%2F%231636632807269-1444524b-3ed4|»][vc_text_separator title=»» i_icon_fontawesome=»fas fa-eye» i_color=»custom» i_size=»lg» color=»custom» border_width=»8&#8243; css=».vc_custom_1637080776101{margin-bottom: -5px !important;}» add_icon=»true» accent_color=»#bababa» i_custom_color=»#bababa»][vc_custom_heading source=»post_title» font_container=»tag:h1|font_size:44px|text_align:center|color:%235f1b52&#8243; use_theme_fonts=»yes»][/vc_column][/vc_row][vc_row][vc_column width=»3/4&#8243;][vc_column_text] La distrofia reticulada de Sjögren es una enfermedad de transmisión autosómica recesiva caracterizada por un [&hellip;]</p>
